rime?
True
Is 10861811461 a composite number?
True
Is 101273941591 a prime number?
True
Is 215772988913 composite?
False
Is 911780209 a composite number?
True
Is 110655062563 composite?
False
Is 186900759821 composite?
False
Is 2270664667 prime?
False
Is 23446954813 composite?
True
Is 2057506207 prime?
False
Is 40116257809 composite?
False
Is 198141271 a composite number?
True
Is 7475639519 prime?
True
Is 15401482553 a prime number?
True
Is 384544157 a composite number?
True
Is 3747204653 a composite number?
False
Is 1833258023 composite?
False
Is 53052058141 a composite number?
False
Is 1747939663 composite?
True
Is 19328198771 composite?
True
Is 547126103 a composite number?
False
Is 16890163726 prime?
False
Is 182971753 a composite number?
False
Is 36971330689 prime?
False
Is 35133625627 composite?
True
Is 5878738513 composite?
False
Is 75996985831 a prime number?
False
Is 2087988949 a prime number?
False
Is 69954533113 a prime number?
True
Is 5394035389 prime?
False
Is 10258648259 a prime number?
True
Is 34111819111 composite?
True
Is 7925597279 prime?
False
Is 14435808221 a prime number?
True
Is 157988023 a composite number?
False
Is 25612860197 composite?
False
Is 1829001437 a composite number?
False
Is 2975999489 a prime number?
True
Is 603543587 a composite number?
False
Is 2148211631 prime?
True
Is 539336627 prime?
False
Is 426980471 a prime number?
False
Is 4655038811 composite?
True
Is 1913605801 a composite number?
False
Is 13036122839 prime?
True
Is 5249957249 a prime number?
True
Is 147716293 prime?
True
Is 2723636815 a composite number?
True
Is 203037377 composite?
False
Is 6727427933 a composite number?
False
Is 41399767979 prime?
True
Is 345898043 prime?
True
Is 14375664377 a prime number?
True
Is 1656849263 a prime number?
True
Is 215976022357 a composite number?
True
Is 18578903009 a composite number?
True
Is 2496535933 a composite number?
False
Is 1623554393 a prime number?
False
Is 5499496949 a prime number?
False
Is 203458217 prime?
True
Is 649793831 a composite number?
False
Is 2572371649 composite?
True
Is 3591516959 a composite number?
False
Is 294399079 prime?
False
Is 125656213 a prime number?
False
Is 22641231607 composite?
True
Is 26305491559 prime?
False
Is 47292422213 a prime number?
False
Is 14160724241 a prime number?
True
Is 678688649 a composite number?
False
Is 252028243 a composite number?
True
Is 70505231 a composite number?
False
Is 18142687 composite?
True
Is 28017901369 composite?
False
Is 8412896962 composite?
True
Is 27938554309 composite?
False
Is 12023320861 prime?
False
Is 714638891 composite?
False
Is 780359513 a composite number?
False
Is 3711707963 prime?
False
Is 3779602093 a composite number?
True
Is 839554997 composite?
False
Is 4641285433 composite?
True
Is 9962069473 prime?
False
Is 3728792833 prime?
False
Is 8618537761 a composite number?
True
Is 6150322967 a prime number?
True
Is 399757685 composite?
True
Is 573183491 prime?
True
Is 74006797577 a composite number?
False
Is 21835256371 a prime number?
True
Is 227844977 composite?
True
Is 2356199341 composite?
False
Is 15401844851 a composite number?
False
Is 1776316379 a composite number?
True
Is 182049017 prime?
True
Is 11079260531 prime?
False
Is 169435037549 prime?
False
Is 55479949907 a composite number?
True
Is 108496471 composite?
False
Is 29006120179 a composite number?
False
Is 3233131829 prime?
True
Is 6830840657 prime?
True
Is 2110056479 composite?
False
Is 742635823 a composite number?
False
Is 5536640747 composite?
True
Is 8782739123 prime?
False
Is 5171581133 prime?
True
Is 107787967769 composite?
False
Is 18541047997 composite?
True
Is 357139498 composite?
True
Is 13220891833 a prime number?
True
Is 137557031453 a composite number?
False
Is 194710110107 prime?
False
Is 11254349549 prime?
False
Is 1543684147 a composite number?
True
Is 117502909171 prime?
True
Is 33873015983 a prime number?
False
Is 16338262921 composite?
False
Is 1759383113 composite?
True
Is 2748412581 a composite number?
True
Is 8835676961 a prime number?
True
Is 2116339223 composite?
False
Is 7003364177 a composite number?
False
Is 4952256167 composite?
False
Is 8748280843 composite?
False
Is 22342832327 composite?
True
Is 20358030178 a prime number?
False
Is 576595601 prime?
True
Is 741055913 composite?
True
Is 21930364831 composite?
True
Is 14192646373 a composite number?
True
Is 134485619 prime?
True
Is 4997652887 a prime number?
True
Is 31732451087 a prime number?
False
Is 29617331 prime?
False
Is 340361447 a composite number?
False
Is 271437941 composite?
True
Is 200194591 prime?
True
Is 525022997 a prime number?
True
Is 15417842837 a composite number?
True
Is 19275098981 a composite number?
False
Is 1940405591 a composite number?
False
Is 267523453 composite?
False
Is 282908603 a prime number?
True
Is 142515510409 composite?
False
Is 1189758943 a composite number?
False
Is 132920960863 a composite number?
True
Is 93378500393 a prime number?
True
Is 1301168923 a composite number?
False
Is 128200271 composite?
True
Is 315332399 composite?
True
Is 822630257 a composite number?
True
Is 4799893993 composite?
False
Is 15993759071 composite?
False
Is 1932237577 a composite number?
False
Is 1156682594 a composite number?
True
Is 120022478417 prime?
True
Is 3784232037 prime?
False
Is 10949143061 composite?
False
Is 14656457 prime?
False
Is 2489186549 a composite number?
True
Is 6371563118 composite?
True
Is 3129388957 a composite number?
False
Is 39708869881 prime?
True
Is 3676173082 a prime number?
False
Is 126624781 prime?
True
Is 39275937769 a prime number?
False
Is 44268386623 composite?
False
Is 14615517289 composite?
False
Is 105448311029 a composite number?
True
Is 19635679741 a prime number?
True
Is 1004004523 prime?
True
Is 2016230303 prime?
False
Is 2886610301 composite?
False
Is 23051273543 prime?
False
Is 10422705179 a composite number?
True
Is 96454101197 a composite number?
True
Is 53068506341 a prime number?
False
Is 93893006423 composite?
False
Is 355434109 prime?
True
Is 4396082758 a composite number?
True
Is 16691363881 composite?
True
Is 3028293799 composite?
True
Is 103076913007 prime?
True
Is 192319931 a composite number?
False
Is 35591729711 composite?
True
Is 55663663309 prime?
True
Is 26543017661 a composite number?
False
Is 163490166919 prime?
True
Is 38052926741 a prime number?
True
Is 79763199 a composite number?
True
Is 1132710197 a composite number?
False
Is 28288536581 composite?
False
Is 749420051 a prime number?
True
Is 95228050111 prime?
True
Is 2619518443 a prime number?
False
Is 2576417839 prime?
True
Is 228091399 composite?
False
Is 30183209218 a composite number?
True
Is 10079917543 a prime number?
True
Is 129632095781 composite?
False
Is 476334149 a prime number?
False
Is 3004114639 a composite number?
False
Is 6964119593 prime?
True
Is 5143796921 prime?
False
Is 13208821037 prime?
True
Is 4083026797 prime?
True
Is 4881990959 a prime number?
False
Is 2221699 a composite number?
False
Is 33129830743 a prime number?
False
Is 264740213 a prime number?
True
Is 3631262335 composite?
True
Is 139292703149 composite?
True
Is 19553652649 composite?
True
Is 1035910507 a prime number?
True
Is 14265430471 a composite number?
True
Is 21884878109 a composite number?
False
Is 5384268649 prime?
False
Is 430691117 a composite number?
False
Is 1070688239 a prime number?
True
Is 11607341761 a prime number?
True
Is 144129803 a prime number?
False
Is 145677265 a composite number?
True
Is 21970235083 a composite number?
True
Is 1019757317 composite?
True
Is 3168259201 prime?
False
Is 75873989 a prime number?
True
Is 4028354971 composite?
True
Is 1017332917 prime?
False
Is 4941787811 composite?
False
Is 592139293 composite?
True
Is 3179113297 a prime number?
False
Is 271223327 a prime number?
True
Is 1174387811 prime?
True
Is 36908309 a composite number?
True
Is 33118471733 a composite number?
True
Is 2413970617 prime?
True
Is 128276595319 a prime number?
False
Is 700249129 a prime number?
True
Is 25642486967 a composite number?
False
Is 3461469227 composite?
False
Is 6393545891 prime?
True
Is 2727228799 a composite number?
True
Is 2608883821 prime?
True
Is 362436371 a composite number?
True
Is 10604141519 a composite number?
False
Is 4010